on factor of 13 and 4485.
13
Calculate the highest common divisor of 48 and 6.
6
What is the greatest common factor of 14 and 7?
7
What is the highest common factor of 3565 and 230?
115
What is the highest common divisor of 76 and 266?
38
Calculate the highest common factor of 1414 and 5858.
202
What is the greatest common factor of 272 and 578?
34
What is the highest common factor of 153 and 255?
51
What is the greatest common divisor of 54 and 1971?
27
Calculate the highest common factor of 3404 and 92.
92
Calculate the greatest common factor of 174 and 1479.
87
Calculate the greatest common divisor of 228 and 96.
12
What is the highest common factor of 10 and 1445?
5
Calculate the greatest common factor of 3 and 1956.
3
What is the highest common factor of 39 and 247?
13
What is the greatest common factor of 162 and 2160?
54
What is the highest common factor of 310 and 40?
10
What is the greatest common factor of 10679 and 181?
181
What is the highest common divisor of 710 and 10?
10
Calculate the highest common divisor of 252 and 18.
18
What is the highest common factor of 1204 and 224?
28
Calculate the highest common factor of 26 and 26.
26
Calculate the greatest common factor of 3944 and 32.
8
Calculate the greatest common factor of 750 and 10.
10
Calculate the greatest common factor of 2260 and 30.
10
What is the highest common factor of 90 and 6570?
90
What is the greatest common factor of 38 and 5016?
38
Calculate the greatest common divisor of 4 and 1151.
1
Calculate the greatest common factor of 9486 and 198.
18
Calculate the greatest common factor of 133 and 30191.
133
What is the highest common divisor of 57 and 152?
19
Calculate the greatest common divisor of 583 and 22.
11
What is the greatest common divisor of 4972 and 110?
22
Calculate the highest common divisor of 1313 and 91.
13
What is the highest common divisor of 184 and 8?
8
What is the greatest common factor of 76 and 665?
19
What is the highest common divisor of 11563 and 31?
31
Calculate the highest common factor of 465 and 30.
15
Calculate the highest common factor of 142 and 118.
2
What is the highest common divisor of 351 and 2925?
117
What is the highest common divisor of 4 and 1460?
4
What is the highest common factor of 8294 and 522?
58
Calculate the greatest common factor of 640 and 272.
16
What is the greatest common divisor of 888 and 48?
24
Calculate the highest common divisor of 121 and 671.
11
What is the highest common divisor of 112 and 406?
14
Calculate the greatest common factor of 188 and 12878.
94
Calculate the greatest common factor of 44 and 92.
4
Calculate the highest common divisor of 442 and 238.
34
Calculate the highest common factor of 37 and 27.
1
Calculate the highest common divisor of 360 and 150.
30
Calculate the greatest common factor of 180 and 81.
9
What is the highest common factor of 76 and 8?
4
Calculate the highest common factor of 208 and 32.
16
Calculate the greatest common divisor of 4 and 23.
1
What is the greatest common divisor of 4641 and 39?
39
What is the highest common divisor of 6136 and 590?
118
What is the greatest common factor of 15 and 2610?
15
Calculate the highest common divisor of 2 and 326.
2
What is the highest common factor of 133 and 171?
19
What is the highest common factor of 391 and 85?
17
Calculate the highest common factor of 715 and 165.
55
What is the highest common factor of 2240 and 240?
80
Calculate the highest common divisor of 1045 and 33.
11
Calculate the highest common divisor of 15 and 2055.
15
What is the greatest common divisor of 161 and 805?
161
Calculate the highest common divisor of 245 and 70.
35
Calculate the highest common divisor of 338 and 26.
26
What is the highest common divisor of 192 and 312?
24
Calculate the greatest common factor of 116 and 2.
2
What is the highest common factor of 21576 and 928?
232
What is the highest common factor of 1349 and 57?
19
What is the highest common divisor of 17 and 833?
17
Calculate the greatest common divisor of 336 and 896.
112
What is the highest common divisor of 50 and 2150?
50
What is the greatest common divisor of 1139 and 459?
17
What is the highest common divisor of 5 and 1285?
5
Calculate the highest common factor of 573 and 3247.
191
Calculate the highest common divisor of 304 and 266.
38
What is the highest common factor of 56 and 196?
28
What is the highest common factor of 1240 and 160?
40
Calculate the greatest common factor of 5 and 565.
5
What is the highest common divisor of 2064 and 387?
129
What is the highest common factor of 375 and 30?
15
Calculate the highest common factor of 1457 and 93.
31
Calculate the highest common divisor of 47 and 5.
1
What is the greatest common divisor of 1805 and 19?
19
Calculate the highest common factor of 517 and 88.
11
Calculate the highest common divisor of 3120 and 832.
208
What is the highest common divisor of 17 and 1292?
17
What is the greatest common factor of 18 and 666?
18
Calculate the highest common factor of 218 and 16241.
109
Calculate the highest common factor of 81 and 63.
9
What is the highest common divisor of 100 and 8?
4
What is the greatest common factor of 1184 and 15688?
296
What is the greatest common divisor of 10 and 890?
10
Calculate the highest common divisor of 155 and 15.
5
What is the highest common divisor of 1656 and 72?
72
What is the highest common factor of 25102 and 28?
14
What is the highest common divisor of 2640 and 1488?
48
What is the highest common factor of 14 and 602?
14
What is the highest common divisor of 172 and 8?
4
Calculate the highest common divisor of 301 and 21.
7
Calculate the highest common factor of 20 and 1220.
20
Calculate the highest common divisor of 585 and 351.
117
What is the highest common factor of 42 and 1302?
42
Calculate the highest common factor of 1352 and 416.
104
Calculate the highest common divisor of 2 and 6152.
2
What is the greatest common factor of 13896 and 288?
72
What is the highest common divisor of 3092 and 4?
4
What is the greatest common factor of 29880 and 40?
40
What is the greatest common factor of 33 and 27?
3
What is the greatest common factor of 4 and 388?
4
Calculate the greatest common factor of 4360 and 160.
40
Calculate the highest common factor of 430 and 43.
43
Calculate the highest common factor of 2210 and 338.
26
Calculate the highest common divisor of 50 and 725.
25
What is the highest common divisor of 2717 and 858?
143
Calculate the highest common divisor of 327 and 3.
3
What is the highest common divisor of 3 and 1121?
1
What is the highest common divisor of 4004 and 26?
26
Calculate the highest common factor of 424 and 8.
8
Calculate the greatest common factor of 32 and 2848.
32
What is the greatest common factor of 62 and 372?
62
What is the greatest common factor of 54 and 4?
2
Calculate the highest common divisor of 96 and 2.
2
What is the greatest common divisor of 486 and 36?
18
What is the greatest common factor of 1832 and 2?
2
What is the greatest common factor of 1032 and 9?
3
Calculate the greatest common factor of 60 and 100.
20
Calculate the highest common factor of 75 and 175.
25
What is the highest common divisor of 392 and 84?
28
What is the highest common factor of 2 and 121?
1
Calculate the highest common factor of 69 and 736.
23
What is the greatest common factor of 856 and 321?
107
Calculate the greatest common divisor of 679 and 21.
7
What is the greatest common divisor of 369 and 67527?
369
What is the highest common divisor of 5 and 2370?
5
What is the highest common factor of 427 and 244?
61
Calculate the greatest common divisor of 850 and 68.
34
Calculate the highest common divisor of 143 and 104.
13
Calculate the highest common factor of 10928 and 80.
16
What is the highest common divisor of 13 and 5317?
13
What is the highest common factor of 11561 and 11?
11
What is the highest common factor of 238 and 204?
34
Calculate the greatest common divisor of 396 and 55.
11
Calculate the greatest common divisor of 62396 and 38.
38
What is the greatest common divisor of 18 and 5508?
18
Calculate the greatest common divisor of 6510 and 28.
14
Calculate the greatest common divisor of 2576 and 46.
46
What is the greatest common divisor of 1528 and 8?
8
What is the highest 